).
2
Let h(w) = -w**2 + 4*w**2 + 2*w**2 - 3*w - 3*w**3 + 1 - w**2. Calculate h(2).
-13
Suppose 0*m = 2*m - 8. Let t be -1 + 0 + 8/m. Suppose -2*q + t = 9. Let b(i) = -i - 3. Calculate b(q).
1
Let j(s) = -2*s**2 - 5. Suppose -2 = 5*n + 13. Let t(c) = -7 + 16 + 2*c**2 - 5. Let l(k) = n*j(k) - 4*t(k). Determine l(-1).
-3
Suppose -6*l - 6 = -36. Let h(r) be the second derivative of 0*r**2 - 2*r - 1/4*r**4 + 1/20*r**l + 0 + 1/2*r**3. Give h(2).
2
Let g(u) = u**3 - 1. Let p(j) = 2*j**3 + 5*j**2 + j - 8. Suppose 0 = -4*q - 4*i - 16, 2*q - 6 = i + 1. Let h(c) = q*p(c) - 3*g(c). What is h(5)?
0
Suppose 3*h + 52 = 5*q, 0 = 3*q - h + 14 - 42. Let c(n) = -n**3 + 9*n**2 - 9*n + 3. Give c(q).
-5
Let q be 0/((6/(-3))/2). Suppose q = -2*v - 0*v - 2. Let y(s) = 4*s - 1. Let t(b) = 8*b - 3. Let j(l) = -2*t(l) + 5*y(l). Calculate j(v).
-3
Let v(u) = 1406*u - 1402*u + 1 - 7. What is v(5)?
14
Let o(r) = -2*r + 2. Let v(l) = l**2 - 4*l - 3. Let g be v(5). Let t be 1 - ((g - -1) + 1). Calculate o(t).
8
Let u be (3 + (1 - 3))*3. Suppose 20 = -b - u*b. Let o(m) = -3*m + 5. Let c(r) = -4*r + 5. Let s(d) = 5*c(d) - 6*o(d). What is s(b)?
5
Let y(x) be the first derivative of -x**5/20 + x**4/24 + x**3/6 + x**2 - 4. Let f(z) be the second derivative of y(z). Determine f(-1).
-3
Let y(c) = -26*c**2 + c**3 - 19*c**2 - 5 + 5*c - 21*c**2 + 72*c**2. Let f = -10 - -7. Let j be 2/f + (-26)/6. Calculate y(j).
-5
Let d(b) = -b**3 + b**2 + 4*b + 1. Let h = -29 - -14. Let t be (40/h)/((-2)/3). Suppose 6 = 2*j, -t*j = -4*o - 3*j + 9. What is d(o)?
-5
Let m(t) be the first derivative of -13*t**2/2 - t + 12. What is m(1)?
-14
Let l(f) = 4*f + 1. Suppose j + 3*y = 4, -3*j + 10 = 5*y + 2. Determine l(j).
5
Let i be 16/(-6)*(-3)/2. Let s(b) be the first derivative of -b**3/3 + 3*b**2 - 6*b - 5. Determine s(i).
2
Let j(n) = 4*n + 27. Let a(v) = v + 9. Let t(l) = -7*a(l) + 2*j(l). What is t(7)?
-2
Let o(r) = -r**2 + 9*r - 6. Suppose 3*f + 4 = -5*v + 19, 5 = 5*v + 5*f. Determine o(v).
12
Let d(v) = -8*v - 5*v**2 + 5*v**3 + 3*v - 6*v**3 - 4. Let t be 3/6*-1*4. Let r = t - 2. Determine d(r).
0
Let f = -35 + 29. Let u(s) = -s**2 - 7*s - 6. What is u(f)?
0
Suppose 0 = h + 4*r - 21, -5*h + 5 = r - 5. Let s be h/(-1) - (-6)/2. Let p(c) = 5 - 3*c - s + 5*c. Determine p(3).
9
Suppose -6*j = -j - 2*p - 8, -2*j + 5*p = -20. Let q(z) = -2*z + 3 - 1 + j*z - 4. Suppose 0 = -0*o + 3*o - 15. Calculate q(o).
-12
Let j be ((-3)/4)/(3/24). Let t(g) = -g - 6. Let n be t(j). Let z(x) = 13*x**2 - 9*x - 1. Let s(c) = -7*c**2 + 5*c. Let i(k) = 11*s(k) + 6*z(k). Determine i(n).
-6
Let n(j) = 5*j + 2. Let c(g) = -21*g - 9. Let p(b) = 2*c(b) + 9*n(b). Give p(2).
6
Let p = -5 - -7. Suppose -p*l - 4 = -3*b - 2*b, -5*b = -4*l + 2. Let j(m) = -m**3 + 2*m**2 + 3*m - 2. Give j(l).
-2
Suppose 2*b + 0 - 2 = 0. Let h(i) = 19*i**2 + 11*i. Let q(l) = -7*l**2 - 4*l. Let w(a) = 3*h(a) + 8*q(a). Calculate w(b).
2
Let c be 2*(-2)/((-8)/6). Let a(o) be the third derivative of o**4/12 - 229*o**2. Give a(c).
6
Let x(l) = -l + 2*l + 1 - 3*l. Suppose 0 = -3*j + 9, -2*j = z - 0*j + 3. Let q = 10 + z. Determine x(q).
-1
Let b(i) = i**2 - i + 1. Let v(y) = 5*y**2 - 10*y + 2. Suppose 2*t - 3*t + 1 = 0. Let l(a) = t*v(a) - 6*b(a). Calculate l(-3).
-1
Let v(s) = 7 + 0*s - 6*s + 11*s + s**2 + 4*s. Determine v(-5).
-13
Let w(z) = -z - 8. Let p be w(-4). Let c(m) be the second derivative of m**5/20 + 5*m**4/12 + 5*m**3/6 + 3*m**2/2 - 2*m. What is c(p)?
-1
Let x(i) = -4*i - 3. Let q(m) = -21*m - 14. Let h be (2 - 4) + 2/(-2). Let l(p) = h*q(p) + 14*x(p). What is l(-1)?
-7
Let v(m) = 2*m + 10. Let u be v(-5). Let g(d) = d**3 - d**2 + 11. What is g(u)?
11
Let l(x) = -x**2 - 1. Let a(j) = -j**3 - j**2 + 4*j. Let s(h) = -a(h) + 3*l(h). Let w be (-4)/2 + (3 - -3). Let i be ((-24)/6)/(w/2). Calculate s(i).
-11
Let d(b) be the first derivative of b**3/3 - 4*b**2 + 3*b + 20. Determine d(5).
-12
Let h(v) = v + 1. Suppose 3*a - 4*q + 15 = 2*a, 0 = -5*a - 2*q - 9. Let i be 0/(2*3/a). Let y = i - 0. Determine h(y).
1
Let n(r) = -2*r - 8. Let j(k) = -k - 9. Let i(z) = 4*j(z) - 5*n(z). What is i(-3)?
-14
Let y(v) = 3*v**2 + 16*v - 7. Let s be y(-5). Let j(i) = i**2 + 11*i - 10. Calculate j(s).
2
Let m = 14 + -10. Suppose -m*q - 6 + 2 = 0. Let g(n) = 8*n**3 - n**2 - n. What is g(q)?
-8
Suppose -p - 10 = 4*p. Let v = p - -10. Let x = v + -11. Let w(b) = b**3 + 2*b**2 - 3*b - 2. Give w(x).
-2
Suppose -4*j = j - 10. Let m(x) be the first derivative of -3 - 2*x + 2*x**j + 1 + 3*x. Calculate m(1).
5
Let i(k) = -k**3 - 19*k**2 + 2*k + 34. Let l be i(-19). Let p(b) be the first derivative of b**4/4 + 4*b**3/3 + b**2 + 2*b - 1. Calculate p(l).
-6
Let n(v) = -4*v**2 + 0 - v + 1 - 5 - v**3. Suppose 2*y = -0*y + 3*p, 0 = 3*y - 2*p - 5. Suppose -4*m - 4 = -y*m. Calculate n(m).
0
Let o(b) = 3*b + 2. Let q be (-1 + -2)/(-3) - -5. Suppose -2*f - 6 = q*g - 4*g, f - 22 = 4*g. Determine o(f).
8
Let s(t) = -t**2 + 8*t - 5. Let v be (2/(-4) - 2)*(-24)/10. Give s(v).
7
Let c(d) = d**2 + 9*d - 8. Let q(g) = g**2 + 9*g - 8. Let u(o) = -2*c(o) + 3*q(o). Let z(m) = -m**2 - 8*m + 8. Let a(p) = 3*u(p) + 4*z(p). Give a(-6).
2
Suppose 8*a - 30 = 2. Let o(k) = -k**2 + 7*k - 5. What is o(a)?
7
Let f(y) = -y**2 - 7*y + 7. Let n = -38 - -31. Give f(n).
7
Let n(z) be the first derivative of -2*z**3/3 + z - 128. Suppose -2*k = 3*r - 5, 3*k - 2*r = -6 - 6. Determine n(k).
-7
Let v be 8 - ((2 - 0) + 0). Suppose 5*a + v = -4. Let f(c) = -5*c - 1. Determine f(a).
9
Suppose 8 = 3*c - 4*b, b - 4 = 3*b. Let s(h) = -h**2. Give s(c).
0
Suppose -3 = 5*x - 8*x. Let h be (-3)/2*(-8)/12. Let p(y) = y + y**2 - 3*y**3 + h + 3*y - 6*y. Give p(x).
-3
Suppose 0 = 3*n - 1 - 8. Suppose -n*m + 4*m - 3 = 0. Let i(s) = m*s + s + s. Determine i(-1).
-5
Let r(x) = x**2 + 5*x - 5. Let l(t) = 7*t + 1. Let i be l(-1). Let z be (-1)/(-3) + 2/i. Suppose z*m + m - 26 = 5*q, 0 = m - 1. Calculate r(q).
-5
Let l = 168 - 161. Let x(o) = o**3 - 7*o**2 - 2*o + 10. Give x(l).
-4
Let d(f) = -7 + f + 9 + 3*f. Suppose 4 - 2 = -i. Calculate d(i).
-6
Let g(f) = -f**3 - 6*f**2 + f - 1. Let k(m) = -4*m**3 - 19*m**2 + 2*m - 3. Let r = -4 + 6. Let v(b) = r*k(b) - 7*g(b). Calculate v(3).
1
Let b(g) = 8*g - 1. Let i be b(1). Suppose -i*j + 8 = -9*j. Let y(v) = v + 6. Give y(j).
2
Let k(o) be the first derivative of -3*o**2 + 3*o - 11. Give k(2).
-9
Let g(x) = x**3 + 6*x**2 + 5*x + 1. Let v be 1/1*-1 + 3. Let c(l) = -v - 14 - l - 1. Let p be c(-12). Determine g(p).
1
Let f(n) be the second derivative of -3/8*n**4 + 0 + 0*n**2 + 1/2*n**3 + 2*n + 1/120*n**5. Let p(z) be the second derivative of f(z). Give p(5).
-4
Let f(y) be the second derivative of -y**4/12 + y**3/3 - y. Calculate f(1).
1
Let x(u) be the first derivative of 0*u**3 - 2 + 0*u**4 + 2*u**2 - 1/60*u**5 + 0*u. Let i(l) be the second derivative of x(l). Give i(2).
-4
Let w(k) = -3 + 3 - k. Let p(c) = -2*c. Let x be p(-1). Suppose x*t + 4 = -2. Calculate w(t).
3
Suppose 12 = 5*s - 23. Let u(b) = -b**2 + 6*b + 4. Determine u(s).
-3
Let u(q) = q + 6. Suppose -13*b + b - 72 = 0. What is u(b)?
0
Let n(p) = 2*p**2 - 4*p - 1. Let m(q) be the first derivative of 1/3*q**3 - q - 3/2*q**2 - 3. Let o(a) = -3*m(a) + 2*n(a). Calculate o(-3).
7
Let l(i) = -4*i - 6 - 6*i**2 + 3*i + 2*i**3 + 3*i**3 - 4*i**3. What is l(6)?
-12
Suppose -4*b + 2 = -10. Suppose 2*x - 5*q = -12, -5*q = -4*x + 5 - 9. Let v(z) = 2*z + x - 2 + 0*z. Calculate v(b).
8
Let o be 2/(-6)*9/(-3). Suppose -5*n - 4 = o. Let u(m) = 6 - 12*m**2 + 0 - 5. Determine u(n).
-11
Let w(n) = n + 14. Let p be w(-6). Suppose -6 = p*z - 5*z. Let i(o) = 7*o**2 - 2*o + 6. Let h(t) = -6*t**2 + t - 5. Let r(d) = -5*h(d) - 4*i(d). What is r(z)?
3
Let f(d) = -58*d + 62*d + d**2 + 2 + 0*d**2. Give f(-3).
-1
Let o(z) = -4*z + 1. Suppose 2*b - 8 - 4 = 0. Let l = -7 - 0. Let f = l + b. What is o(f)?
5
Let x be (-3 - 2) + 2 + 1. Let s(m) = -m**2 + m - 2. Give s(x).
-8
Let i(c) = -18*c + 1. Suppose -8*o = -6*o + 2. Calculate i(o).
19
Let u(i) = i**3 - 2*i**2 - 2*i + 4. Suppose -2*m = 2*j + 3*m, -4*j + 3*m = -26. Suppose -j*o + 18 = -2*o. Suppose 2*t - o + 0 = 0. Give u(t).
7
Let u(t) be the third derivative of -t**6/12 + t**5/30 - t**4/24 - t**2. Let o = 7 + -7. Let k be -1 + o + -1 - -3. Give u(k).
-9
Let w = -16 + 9. Let a = 5 + w. Let q(r) = 2*r**3 - 5